vided by 13.
10
Suppose -4*r = 4*f - 12, 5*f - 5*r + 0*r - 5 = 0. What is the remainder when 3 is divided by f?
1
Suppose -3*t + 0*t = -60. Let h(p) = -p - 7. Let x be h(-9). Suppose 3*f = -x*f + t. Calculate the remainder when 10 is divided by f.
2
Let j = -7 + 5. What is the remainder when -1 - (-28 - (2 + j)) is divided by 10?
7
Let z(u) = -5*u. Let q be z(2). Suppose -3*m + 34 = -29. Calculate the remainder when (-615)/q*(-2)/(-3) is divided by m.
20
Suppose 152 = 5*y - 268. Calculate the remainder when y is divided by 17.
16
Suppose 304 + 2 = 3*u. Calculate the remainder when u is divided by ((-14)/35)/(1/(-65)).
24
Suppose 5*f = f + 284. Suppose -3*u - 20 = -f. Calculate the remainder when u is divided by 9.
8
Suppose -5*a = -99 + 9. Calculate the remainder when 52 is divided by a.
16
Suppose 10 + 161 = 9*l. What is the remainder when 54 is divided by l?
16
Let i = 23 - 13. What is the remainder when 48 is divided by i?
8
Let r = 1 + 3. Suppose 4*o - 16 = -4. Suppose -b = -r*b + d + 76, -3*d - o = 0. Calculate the remainder when b is divided by 9.
7
Let i(h) = 5*h - 3. Suppose 0 = -5*o - 2*y + 35 + 73, -2*o - 5*y + 39 = 0. Calculate the remainder when o is divided by i(3).
10
Let c(w) be the second derivative of 1/2*w**2 - 2*w - 1/3*w**3 + 0 - 1/20*w**5 + 1/2*w**4. What is the remainder when c(5) is divided by 6?
4
Let d be 264 - 2/(-1) - -3. Suppose 4*t + 5*l = d, 328 = 5*t - 2*l - 0*l. Calculate the remainder when t is divided by 17.
15
Let z = -63 + 92. Suppose -z = -4*o + 59. What is the remainder when o is divided by 12?
10
Let s(q) = -q + 1. What is the remainder when 85 is divided by s(-22)?
16
Let j(l) = l**2 - 4. Let s be j(-3). Suppose 5*n + s*u = 2*u + 24, 0 = n - 5*u + 12. Calculate the remainder when 7 is divided by n.
1
Let o = -5 - -12. Suppose 4*j - o*j = -57. Calculate the remainder when j is divided by 5.
4
Let n = -18 + 29. Suppose 4*r - 6*r = -110. Suppose 5*c = 2*j + 10 + 3, 5*j - r = -5*c. What is the remainder when n is divided by j?
5
Let z(p) = -7*p - 20. Calculate the remainder when z(-12) is divided by 17.
13
Calculate the remainder when 57 is divided by 627/27 - -6*4/(-108).
11
Let u(l) = -3*l. Let s be u(-4). Suppose 0 = 3*a - 4*a + s. Suppose 0 = 4*t - 3*t - a. Calculate the remainder when t is divided by 7.
5
Let l(r) = r + 7. Let q(m) = -2*m**2 + m. Let p be q(2). Let j = 6 + p. What is the remainder when l(j) is divided by 3?
1
Suppose 0 = r - 5*r + 112. Let h(l) = l - 4. Let t be h(4). Suppose t = 4*q - 5*b - 45, -q + b - 2 = -13. What is the remainder when r is divided by q?
8
Let n(c) = 5*c + 86. Calculate the remainder when 10 is divided by n(-16).
4
Let x = 291 - 167. Let a = x - 73. Calculate the remainder when a is divided by 26.
25
Let z(q) = q + 1. Let a be z(-3). Let o = 2 + a. Suppose o = 3*s + 2*u - 132, s - 2*u + 5*u = 37. What is the remainder when s is divided by 16?
14
Let h(x) = x + 9. Calculate the remainder when ((-6)/3)/(2/(-14)) is divided by h(-4).
4
Suppose 4*p = 3*p + 9. Calculate the remainder when 24 is divided by p.
6
What is the remainder when (-18 + (-1)/1)*-1 is divided by -4 + 3 + (6 - -2)?
5
Let s(u) = -2*u**2 - 3*u + 2. Let a be s(1). Let v = a + 26. What is the remainder when 68 is divided by v?
22
What is the remainder when (-3)/2 + (-687)/(-6) is divided by 29?
26
Suppose 0 = -28*c + 32*c - 44. Calculate the remainder when 75 is divided by c.
9
Let h = 3 + 6. Let v(n) = 0*n**2 + 3*n**2 + 1 + 2*n**3 - 4*n**3 - 5*n + 3*n**3. Calculate the remainder when h is divided by v(-4).
4
Let v = -33 + 51. What is the remainder when 70 is divided by v?
16
Suppose -3*j = j. Let u be (-1)/(-1*(-2)/(-4)). Suppose 4*v + 2*z - 56 = j, u*v + 3*v + 5*z = 65. What is the remainder when 44 is divided by v?
14
Suppose 4*i + 5*z - 427 = 0, 0 = -4*i + 3*z - 0*z + 403. Calculate the remainder when i is divided by 26.
25
What is the remainder when 38 is divided by 68/5 - (-20)/50?
10
Let s(d) = -6*d - 7. What is the remainder when 40 is divided by s(-5)?
17
Suppose -6*b + 101 = -13. Calculate the remainder when b is divided by 7.
5
Let i(w) = w + 19. Calculate the remainder when 38 is divided by i(3).
16
Let r(y) = 7*y**2 - y - 1. What is the remainder when 33 is divided by r(-1)?
5
Suppose 18*r + 20 = 22*r. Calculate the remainder when r is divided by 4.
1
Suppose -6*t = -10*t + 24. Calculate the remainder when 19 is divided by t.
1
Suppose b - 4 = 27. What is the remainder when b is divided by 7?
3
Suppose 0*b = -v - 4*b + 21, 15 = 5*b. Calculate the remainder when v is divided by 7.
2
Let q(c) = c**3 - c**2 + c - 2. What is the remainder when -1 + (57 + 4 - 4) is divided by q(3)?
18
Let o = -53 + 82. Let w = o - 13. Calculate the remainder when 63 is divided by w.
15
Suppose -5 + 43 = 4*m - 5*a, 5 = m + a. Calculate the remainder when 13 is divided by m.
6
Let a = -32 + 50. What is the remainder when 35 is divided by a?
17
Let h(x) = -67*x. Let n be h(-1). Let k = n - -6. Calculate the remainder when k is divided by 19.
16
Suppose 3*h = 2*s + 345, h - 5*s = 89 + 39. Suppose 172 = 4*n + 4*o, -19 = 2*n + 4*o - h. What is the remainder when n is divided by 8?
7
Suppose -3*j + 84 = -54. Calculate the remainder when j is divided by 0 - (-1 + 1 - 16).
14
Suppose 3*m + y - 138 = 0, -11 = -m + 2*y + 42. Suppose -137 - 163 = -25*f. Calculate the remainder when m is divided by f.
11
Suppose 5*i - 4*r = 225, 0 = -0*i + 3*i - r - 135. Calculate the remainder when i is divided by 17.
11
Calculate the remainder when 97 is divided by ((-36)/(-16))/(1/4).
7
Suppose 2*f + 0*f - 25 = -3*x, 8 = -2*f. Let p(l) = -4*l**3 - 1. Let d be p(2). What is the remainder when ((-2)/1 - d)*1 is divided by x?
9
Let j be 165/(-22)*(-2 - 0). Suppose 3*d = -2*f - 2, 2*f - 3 = -2*d - 1. Suppose 2*m - o = m + j, 0 = -o - f. Calculate the remainder when 39 is divided by m.
9
Let r = 3 + -2. Suppose 2*f + 5*d = -8, 4*f - 4 - 4 = 2*d. Calculate the remainder when r is divided by f.
0
Suppose -53 = -5*l + 3*j, -2*j = 4*l - 0*j - 38. What is the remainder when 17 is divided by l?
7
Let k = 17 - -11. Suppose 269 - 2267 = -18*r. What is the remainder when r is divided by k?
27
Suppose 0 = 3*t - 6. Let o = 0 + t. Let h = o + 8. Calculate the remainder when h is divided by 4.
2
Suppose -4*x + 3*n = n - 110, 3*x - 2*n - 82 = 0. What is the remainder when 82 is divided by x?
26
Let m(o) = o - 5. Let k be m(9). Suppose -5*f = 5*h - 70, -k*f + f = 2*h - 33. Suppose 0 = 4*z - h*z + 65. What is the remainder when z is divided by 5?
3
Let c = 0 + 4. Suppose -11 = -4*q + c*g + 5, 4 = 4*g. Calculate the remainder when 18 is divided by q.
3
Suppose -4*q + 37 = -q - b, 0 = -4*q - 2*b + 66. Let j be 30/7 - 4/14. Suppose -j*x - 8 + 40 = 0. Calculate the remainder when q is divided by x.
6
Let z(s) = 2*s**3 - s**2 + 1. Suppose -5*n = 0, 2*w = 2*n - 4*n + 18. Let d(a) = a - 8. Let u be d(w). What is the remainder when 2 is divided by z(u)?
0
Suppose 2*h = 3*k + 24, 4*h + h + 5*k = 85. What is the remainder when 1 is divided by (2 - -1)*5/h?
0
Suppose -3*y + 4*y = 2*z + 40, -3*y = 2*z - 96. Suppose 4*h - 3*h = n + 1421, 0 = -2*h - 3*n + 2862. What is the remainder when y is divided by h/76 + (-3)/4?
16
Let t = -107 + 124. Suppose -m + 97 = 2*g + 30, -m = g - 35. Calculate the remainder when g is divided by t.
15
Suppose c + b + 11 = -3*b, c - 5*b = 25. Suppose -4*j + 47 = 5*x, -x - c*j = -28 + 6. Calculate the remainder when 19 is divided by x.
5
Let s(z) = 4*z**2 - 3*z - 2. Let b = 6 + -8. What is the remainder when s(b) is divided by 7?
6
Let g = -115 + 126. What is the remainder when 87 is divided by g?
10
Let t(z) = -5*z + 4. Suppose q + 35 = 3*c - 0*q, 2*c + 4*q = 28. Calculate the remainder when t(-6) is divided by c.
10
Suppose h = 5*o - 53, 13*o - 2*h - 29 = 10*o. Calculate the remainder when 163 is divided by o.
9
Let z(q) = 5*q - 1. Let d be z(1). Suppose -2 = d*x - 38. Suppose -34 = -y + x. What is the remainder when y is divided by 15?
13
Let c(n) = -n**3 - n**2 - 6*n - 6. Let r be c(-6). Suppose -3*g - 2*g - 4*y = -207, 0 = -5*g - 5*y + r. What is the remainder when g is divided by 14?
11
Suppose 3*a - 215 = -50. Suppose -5*o = -a + 15. Let i(l) = 5*l - 1. What is the remainder when i(3) is divided by o?
6
Let j(x) = x**2 - 3*x + 4. Cal